sor of 8163899 and 5008307.
11953
Calculate the greatest common divisor of 1283 and 96056927.
1283
What is the highest common divisor of 1615184 and 29696?
464
Calculate the greatest common divisor of 1587267 and 2574.
99
What is the greatest common divisor of 965 and 694993?
193
Calculate the greatest common factor of 1056 and 29448078.
66
Calculate the highest common divisor of 1700 and 3856025.
425
Calculate the greatest common divisor of 381738 and 6425496.
2562
Calculate the greatest common factor of 245830 and 836615.
3965
Calculate the highest common factor of 1014 and 391584.
6
Calculate the highest common factor of 6970 and 13923170.
170
What is the highest common factor of 1254232 and 98?
14
What is the greatest common divisor of 15 and 29227890?
15
What is the highest common factor of 6125735 and 20405?
385
What is the highest common divisor of 18183 and 79074561?
1653
What is the highest common divisor of 316 and 7489516?
316
What is the highest common divisor of 70156165 and 415?
415
Calculate the highest common divisor of 11160 and 1013760.
360
What is the greatest common divisor of 28 and 15172094?
14
What is the greatest common factor of 68 and 13803116?
68
Calculate the highest common factor of 518025 and 19425.
75
What is the greatest common divisor of 438 and 139409122?
146
What is the highest common divisor of 2529 and 79816083?
843
Calculate the highest common divisor of 3303 and 653598.
9
Calculate the greatest common divisor of 1308 and 84851268.
1308
Calculate the greatest common factor of 82940 and 34660340.
2860
Calculate the greatest common divisor of 228567338 and 6.
2
What is the greatest common factor of 8146332 and 137460?
348
Calculate the greatest common factor of 22252 and 6169367.
5563
Calculate the highest common factor of 351659 and 2849.
77
What is the greatest common factor of 174148 and 75803?
221
Calculate the highest common divisor of 181051 and 251693.
247
What is the highest common factor of 422382561 and 17?
17
What is the greatest common divisor of 85415 and 320?
5
What is the greatest common factor of 494 and 11072906?
26
What is the greatest common factor of 6276 and 7312?
4
What is the highest common divisor of 2301207190 and 62?
62
What is the greatest common factor of 2976100 and 900?
100
Calculate the greatest common factor of 94052 and 3688182.
6718
Calculate the greatest common factor of 1386220 and 320.
20
What is the greatest common divisor of 202166 and 148454?
746
Calculate the greatest common factor of 436 and 539946760.
436
Calculate the highest common factor of 368511 and 3432.
429
What is the greatest common factor of 1894284 and 116172?
252
Calculate the highest common factor of 318 and 73461339.
159
Calculate the greatest common factor of 2858 and 908.
2
What is the greatest common divisor of 7083958 and 686?
14
Calculate the highest common factor of 1105734 and 546.
42
What is the greatest common divisor of 143468 and 70122?
806
Calculate the highest common divisor of 1923300 and 1548.
36
What is the highest common divisor of 11578 and 130298?
14
What is the highest common divisor of 68711172 and 47640?
4764
Calculate the highest common divisor of 47788 and 226330.
26
Calculate the greatest common factor of 252396 and 37582.
38
What is the greatest common divisor of 22417 and 439379?
29
What is the highest common factor of 20 and 1838745440?
20
Calculate the highest common divisor of 928914 and 6069.
357
What is the highest common divisor of 3935687 and 16541?
119
Calculate the highest common divisor of 23732093 and 28.
7
What is the highest common divisor of 96 and 171679740?
12
Calculate the highest common divisor of 43 and 20440781.
43
Calculate the greatest common factor of 44 and 4236364.
44
Calculate the greatest common divisor of 5018 and 58838.
26
Calculate the greatest common factor of 49049 and 70213.
143
What is the highest common factor of 44865 and 329445?
45
Calculate the highest common factor of 12320788 and 3434.
202
What is the greatest common factor of 34528 and 7439456?
2656
What is the greatest common divisor of 2142045 and 11505?
15
Calculate the highest common factor of 196801 and 3.
1
Calculate the highest common divisor of 2576 and 20690432.
2576
What is the highest common factor of 625 and 101992250?
125
What is the greatest common divisor of 54987475 and 75?
25
Calculate the highest common factor of 5867306 and 3310.
662
Calculate the greatest common factor of 426927 and 303.
303
Calculate the highest common factor of 68 and 400168.
4
What is the highest common divisor of 168 and 1430751?
21
What is the highest common divisor of 37872 and 175392?
144
What is the highest common factor of 6559383 and 12048?
753
What is the greatest common divisor of 410 and 596632?
82
What is the greatest common factor of 2921172 and 20?
4
What is the highest common factor of 7175 and 55501495?
1435
What is the greatest common factor of 62351980 and 20?
20
Calculate the greatest common factor of 6 and 144873978.
6
What is the highest common factor of 20470220 and 50?
10
Calculate the greatest common factor of 62161920 and 130640.
5680
Calculate the greatest common divisor of 2045 and 558606065.
2045
Calculate the highest common divisor of 7446 and 55728346.
2482
Calculate the greatest common divisor of 39555 and 521505.
135
What is the greatest common factor of 17568 and 575136?
288
What is the greatest common factor of 9657 and 2631033?
333
Calculate the greatest common divisor of 3817345 and 2450.
245
What is the highest common divisor of 46838176 and 12320?
2464
Calculate the greatest common factor of 615 and 2426421.
123
Calculate the greatest common factor of 710 and 616130.
10
Calculate the greatest common factor of 11076 and 546274.
142
What is the highest common factor of 34271204 and 1016?
508
Calculate the highest common divisor of 1054 and 3209753.
17
What is the highest common factor of 182626 and 32258?
254
What is the greatest common factor of 750 and 3678750?
750
Calculate the highest common divisor of 5677 and 36547.
7
What is the highest common factor of 6714710 and 90?
10
What is the highest common factor of 7740446 and 644?
14
What is the greatest common divisor of 39556037 and 40059?
4451
What is the highest common factor of 92816487 and 1843?
97
What is the highest common divisor of 94 and 8338532?
2
Calculate the highest common factor of 1078460 and 860.
20
Calculate the highest common divisor of 15143052 and 172.
172
Calculate the greatest common factor of 492 and 10508.
4
What is the highest common divisor of 17530884 and 1512?
756
Calculate the greatest common divisor of 27027 and 171535.
91
Calculate the highest common factor of 219 and 120693.
3
Calculate the greatest common divisor of 49 and 24701733.
49
Calculate the highest common factor of 2558796 and 2032.
508
Calculate the highest common divisor of 7906446 and 9342.
3114
Calculate the highest common factor of 18107217 and 9.
9
Calculate the greatest common divisor of 113663 and 83644.
11
What is the highest common divisor of 8787584 and 224?
32
What is the highest common factor of 12690 and 18500610?
1410
What is the highest common divisor of 77131 and 56863?
563
Calculate the highest common divisor of 130451 and 1136537.
73
Calculate the greatest common factor of 240 and 702030.
30
What is the highest common factor of 19 and 310862116?
19
Calculate the greatest common divisor of 1138177 and 12223.
719
What is the greatest common divisor of 2320188 and 21828?
1284
Calculate the greatest common factor of 15947 and 156843.
37
What is the highest common factor of 4 and 240100000?
4
Calculate the highest common divisor of 3760 and 261680.
80
Calculate the highest common factor of 551541 and 79128.
471
What is the greatest common factor of 2920 and 2159486?
146
Calculate the highest common divisor of 424 and 49626868.
212
What is the greatest common divisor of 510138692 and 7952?
1988
What is the greatest common factor of 15133 and 56330752?
409
Calculate the greatest common divisor of 530060 and 1394.
34
What is the greatest common factor of 4178994 and 79218?
978
What is the highest common divisor of 545 and 165511595?
545
Calculate the greatest common factor of 2080 and 157893840.
1040
C